 + 5)?
-6
What is the value of 2 + -2 + 9 + -7?
2
What is the value of -3 + 1 + (5 - 2)?
1
What is 4 + (8 - 6 - 2)?
4
What is the value of -18 + 14 - ((-1 - 1) + 3)?
-5
Calculate (13 - 11) + 3 + -5.
0
Evaluate (1 - 0 - -7 - 3) + -7.
-2
What is the value of -9 + (-9 + -1 - -9)?
-10
What is the value of -2 + -5 + 4 + -1?
-4
Evaluate -1 - (15 - -1 - (-9 - -16)).
-10
Calculate (-8 - (6 - 27)) + 1 + -4.
10
Calculate 4 - (3 - (-2 - -1)) - -2.
2
What is the value of 5 + (6 - 8 - (-1 - 0))?
4
-5 - (-4 + 0 + 1)
-2
Calculate 0 - (0 - -7 - 6).
-1
0 + -2 + -10 + 4 - -4
-4
Evaluate -9 + (20 - 6) + -4.
1
What is the value of 24 + -18 - (9 + 4)?
-7
What is -5 + 14 + -14 - -1?
-4
What is the value of 0 + 5 + (2 - (-3 + 9))?
1
4 - (2 + (-1 - -1))
2
What is (2 - 2) + 1 + -2 - 0?
-1
Calculate -33 + 35 + -7 + (0 - -1).
-4
8 + 0 + 1 + -5
4
Calculate 0 + (8 + -1 + -2 - 5).
0
(-6 - -2) + -7 + 8
-3
Calculate 5 + 1 + (-17 - -14) - 2.
1
-1 + -5 + (-12 - (-37 + 14))
5
Evaluate 3 + -2 + 2 - 0.
3
What is the value of 3 - 4 - 4 - (1 - 9)?
3
Calculate -3 - (-1 + 5 + -12).
5
Calculate 4 - (10 + -4 - 2).
0
What is -8 - (-4 - -8 - 14)?
2
Evaluate -3 + -2 + 1 + 4.
0
-14 + 12 + -1 + (1 - 2)
-4
Evaluate (-7 - (1 + -5)) + 6 + -1.
2
Evaluate (-2 - -2) + (-3 - 0) + 0.
-3
Calculate 2 + -5 + (-10 + 2 - -5).
-6
Evaluate (-2 - -3 - 3) + 4 + 2.
4
What is -8 - (-3 - 2 - -1)?
-4
Calculate 14 - 9 - (3 - -2).
0
(-3 - -8) + (-1 - 4) + 4
4
Evaluate 3 + (-6 + 6 - -8) + -6.
5
Evaluate 10 - (-7 + 14 + -8).
11
(-2 + 1 - 1) + (-3 - -4)
-1
0 - (-2 + (4 - 6 - 0))
4
What is (3 - 3) + 1 + -2?
-1
What is the value of -2 + -5 + 3 + 2?
-2
Evaluate 1 - -1 - (-3 + -2 - -2).
5
What is (-7 - (7 - 17)) + 3?
6
What is 3 + 4 + -3 - (-4 - -2)?
6
Calculate -5 + -1 + 2 + 1 - 1.
-4
What is the value of 3 + 0 - (-2 - (-11 - -4))?
-2
What is -4 + (0 + -2 + 10 - 3)?
1
Calculate (-4 - -8) + -2 - (-2 - -8).
-4
What is 2 + -2 - (1 + 6 + -4)?
-3
-3 + 2 - (-15 - -9)
5
What is -2 + 7 - (14 - 9)?
0
What is the value of 2 - (6 - 16) - 10?
2
Calculate -6 + (1 - (1 + -8)).
2
What is the value of (-1 - -12) + -19 + 0?
-8
6 + 6 + -8 - 0
4
Evaluate 9 - (-2 - (-5 - 3)).
3
Evaluate 11 + (8 - 3) + -7.
9
What is 1 - (4 - 7 - -1)?
3
What is 8 - (-3 - (-1 + -6))?
4
(12 - 6) + (21 - 22)
5
(0 - 2) + 4 - 7
-5
Calculate 8 + (-11 - (-3 - -4)).
-4
0 - (45 + -47 - (0 + -1))
1
Calculate (1 - (3 + 4)) + 6 + 6.
6
What is 2 + -5 + 8 + -1?
4
What is the value of 2 + 1 + -5 + 7 + -6?
-1
Evaluate 3 - 1 - (3 + -5).
4
What is the value of 48 + -49 + (2 - (8 + -1))?
-6
(0 - -2) + 3 + -3
2
What is 5 + (5 - 4) - 5?
1
15 + -17 + (1 - -5)
4
Calculate 4 + 0 + -6 + 0.
-2
What is 10 + -5 + -3 - (-6 + 2)?
6
What is 4 + 1 - 7 - 1?
-3
Evaluate 1 - 0 - (-3 - 0 - 0).
4
Evaluate 1 + (-6 + 3 - -4) - 1.
1
Evaluate (3 - 4) + 7 - 3 - -4.
7
What is the value of 22 + -20 + (0 - 6)?
-4
Evaluate (-5 - (15 - 9)) + 9.
-2
-3 + -1 + 3 - 2
-3
Evaluate 1 + (7 - (-3 + 5)) - 1.
5
Calculate (-7 - -3 - 4) + (9 - 0).
1
What is the value of 3 - (5 - 2) - (0 - -2)?
-2
What is -2 - (-4 + -1 + 5)?
-2
Calculate -5 - (-11 + 11 - (1 - -3)).
-1
Evaluate -127 - -128 - (-1 - 1 - 7).
10
Evaluate 1 - (-1 - (8 + -16)).
-6
What is -6 - -3 - (-8 + 12 - 11)?
4
What is the value of 28 - 21 - (0 - -6)?
1
What is 9 - 3 - (-20 + 31)?
-5
What is (-2 - 2) + 9 - (15 - 16)?
6
Evaluate ((-3 - -4) + -3 - -2) + 2.
2
What is the value of 1 + -2 + 27 + -26?
0
What is the value of 8 - (-4 + 1 - -6)?
5
Calculate -9 + (7 + -1 - 3).
-6
Evaluate 21 + -14 + 0 + -2.
5
4 + -10 + (0 - -8)
2
1 - 2 - -4 - 8
-5
What is -3 + (-4 - -4) + 8?
5
Calculate (10 - 6 - 0) + -7.
-3
Evaluate 2 + 6 - (19 + -14).
3
Evaluate 3 - (-3 + -1) - 5.
2
(-5 + (9 - 4) - -4) + 3
7
What is 4 - (3 + -4) - 7?
-2
4 + -6 - (-9 + 5 + 2)
0
Evaluate 5 + -3 + (-6 - -5).
1
What is -9 + (-10 + -2 - -24)?
3
Evaluate 5 + 7 + -14 + 5 + -1.
2
What is -6 + (-4 - -7) + (2 - 1)?
-2
What is (0 - -1) + (-1 - (2 + -3))?
1
What is 1 + -1 + (1 - -8) + -12?
-3
-1 + (3 - -2) - 4
0
Evaluate (2 - (-1 + -1)) + -1 - 1.
2
What is the value of 6 + 0 - ((18 - 0) + -13)?
1
Evaluate (0 + -13 - -9) + -1 + 4.
-1
(-9 - -4 - -9) + -3
1
-5 - (-5 + -5 + 3)
2
-4 + (3 - -6 - 3)
2
Evaluate -5 + (8 - (-2 - -6)) + -7.
-8
Evaluate (1 - -3) + 4 - (10 + -11).
9
Calculate -5 - -1 - -6 - (-1 + 5).
-2
What is the value of -1 - (5 + -12 + 4) - 0?
2
What is the value of -5 + 1 + 0 + 2 + -3?
-5
What is 1 + -7 + 8 + -5 + 10?
7
1 + 0 + (-2 - -1) + -1
-1
Calculate -1 + (2 + 1 - (-3 + 5)).
0
What is -1 + -13 + 12 - (0 - 0)?
-2
What is (-1 - -4) + (1 + 6 - 9)?
1
1 - ((2 - -1) + 0 + -5)
3
What is 5 + 0 - (13 + (5 - 5))?
-8
-7 + (5 - 2 - -7)
3
(-8 - -14) + 0 + -4
2
What is -2 - -12 - (14 + 2)?
-6
(-4 - 4 - -5) + -1
-4
Calculate 3 + (0 - (-7 - -1)) - 6.
3
Calculate -10 + 12 + 2 + -2 - 0.
2
What is -10 - (-14 + 20 - (0 - -11))?
-5
What is 3 - (1 - 2) - (-10 - -7)?
7
Evaluate (2 - 7 - -9) + -1.
3
Evaluate -3 + 4 - -1 - (0 + 4).
-2
Evaluate -7 + 1 - (-15 + 5 - -8).
-4
Evaluate (17 - 10 - -2) + -6.
3
What is 2 + 7 + (-5 - -1)?
5
What is the value of -69 + 68 - (1 - -6)?
-8
What is -4 - -4 - (-1 + -2 + -1)?
4
-1 - (3 + (0 - 4)) - 2
-2
Calculate (3 - 5) + (-3 - -3).
-2
9 + -6 + 3 + 8 + -9
5
1 - (-6 + 6 - 4)
5
What is the value of (-2 + -4 + 7 - -2) + 0?
3
Evaluate 4 + (0 - -1 - 1).
4
What is the value of 9 + -5 + 2 - 3?
3
What is -1 + 18 - 5 - 6?
6
(-8 - (-20 - -4)) + -10 - 0
-2
(-1 - (-3 + 0 + 5)) + 7
4
What is the value of (-1 - (-3 + -11)) + -5 + -3?
5
What is the value of 6 + -4 + -5 + 7?
4
-12 + 21 + (-10 - (-7 - -4))
2
What is -4 + (0 - (2 - 2)) + 0?
-4
Calculate (-5 + 8 - 3) + 4.
4
17 + -1 + -10 - 12
-6
Evaluate -8 + 14 + -7 - -7.
6
Calculate -3 - (-3 - (-3 + 3)).
0
Calculate (14 - 6) + 9 + -5 + -15.
-3
What is the value of -4 - 3 - -5 - (-3 + 3)?
-2
Calculate -1 + 2 - (16 - 11).
-4
What is -4 + 1 - (-7 + 0 + 2)?
2
-4 - 0 - (-15 + 6) - 2
3
Evaluate 1 + -1 - (-6 + (26 - 22)).
2
Evaluate -1 + -4 + 2 - (-7 + -1).
5
-3 - ((-5 - -4) + (0 - -1))
-3
0 - (11 - (0 + 11))
0
Calculate 5 + (-21 - -3) + 3 + 6.
-4
-4 + (3 - (0 + 0))
-1
Evaluate (-4 - 0) + 10 + (-8 - -3).
1
What is 3 + -1 + 12 + -11?
3
(-1 - (7 + -12)) + -9
-5
What is the value of (-2 - -1 - (9 + -6)) + 4?
0
Calculate ((5 - 1) + -3 - -3) + -6.
-2
What is the value of -1 - (0 + 7 + -12)?
4
Evaluate 9 - (-11 - -29) - 2.
-11
(13 - 4 - 6) + (0 - 3)
0
Evaluate (-2 - (3 - 7)) + 0 + 4.
6
What is -1 + 7 + 1 + -5?
2
What is 5 + -2 - (1 - (5 + -4))?
3
What is -4 + (-12 - -7) + 5?
-4
(5 - (-1 - (1 - 17))) + 4
-6
9 + -3 + 4 - (8 - 1)
3
0 + -2 + -6 + (8 - 4)
-4
Evaluate (5 - 3) + (-7 - -8) - 4.
-1
What is the value of (2 - 3) + (6 - (0 - -2))?
3
What is the value of -2 + 1 + 3 + (-7 - -2)?
-3
-5 + 14 + -7 + -2 + 0
0
What is the value of 5 + (0 - -6 - 4)?
7
Calculate -8 + 9 + 7 - (1 + -2).
9
Evaluate 2 + -6 + 5 + 6 + -4.
3
What is the value of 9 - (8 + -5 + 8)?
-2
2 - -4 - (-3 - -5)
4
Evaluate 5 + (-18 + 3 - -5).
-5
What is the value of 0 + 4 - (0 + 12 + -7)?
-1
What is the value of 0 + (-2 + 2 + 2 - 6)?
-4
What is 2 + -3 + -4 + 4?
-1
What is -1 - ((-12 - -15) + -1)?
-3
What is (-1 - -3) + -1 + -19 + 15?
-3
Evaluate 1 + -8 + (-1 - -8).
0
What is 4 - (3 + 6 + -5)?
0
Calculate 5 + (3 - (-1 + 9)).
0
Evaluate 13 - (3 + 6) - 13.
-9
Evaluate -2 + 5 + -3 - 2.
-2
Calculate 5 - 0 - (1 + -8 - -7).
5
Evaluate -2 + -2 + (98 - 83).
11
Calculate (5 - 0) + -2 - (1 + 5).
-3
-6 + 8 + -2 + -1
-1
Calculate (-8 - (-4 - 6)) + 5 + -5.
2
Evaluate -2 + -1 + 18 + -15 + -3.
-3
7 - -2 - (-1 + 5)
5
What is 7 - (3 + (1 - 4) + 2)?
5
Calculate -4 + 4 - 4 - (-2 - -1).
-3
0 + 3 + (7 - -3) + -14
-1
What is the value of -4 + (2 - -2) - 5?
-5
What is the value of 4 + -3 - (1 + 1) - -3?
2
Evaluate (6 - -5) + -6 - 2.
3
What is 4 - 7 - (-3 - 0) - -1?
1
What is the value of -6 + 3 + -2 + 3?
-2
Calculate -6 + (4 - (-5 + 3)).
0
What is the value of -1 - -2 - -7 - (4 - -3)?
1
What is (9 + 0 - 5) + -7 + 1?
-2
Evaluate (5 - 12 - -7) + (-6 - 0).
-6
Evaluate (3 - 9) + (-4 - -3).
-7
What is the value of 3 + (-4 - 8) + 6?
-3
Evaluate (108 - 101) + -1 + -12.
-6
What is -10 + 1 + 19 - (0 - -4)?
6
What is -11 + 3 - (2 - (3 - -1))?
-6
Evaluate -4 + 2 + (-9 - -5).
-6
Evaluate -3 + 8 + (-10 - -7).
2
What is (15 - -2 - 19) + -2 + 0?
-4
What is -5 + -1 - (25 + -28)?
-3
Evaluate 4 + -2 - (-10 - (-23 - -13)).
2
Evaluate -10